 r?
3, 5
Suppose 0 = -5*f + 44 + 56. List the prime factors of f.
2, 5
Suppose -13*x + 391 = -38. List the prime factors of x.
3, 11
What are the prime factors of (162/(-90))/(3/(-190))?
2, 3, 19
Suppose 0*i + 5*i = -50. Let g = 18 + i. What are the prime factors of (g - (-3 - -1)) + 1?
11
Let i(s) = -9 + 3*s**2 - 3*s + s**2 - 2*s**2. What are the prime factors of i(4)?
11
Let x = 16 + -9. Let j = 12 - x. Suppose -2*a + 11 = j*c, -4*c + 5*a = -7*c - 1. What are the prime factors of c?
3
Let q = 2 + -2. Suppose 2*s - 17 = -2*g + 7, 4*g + s - 45 = q. What are the prime factors of g?
11
What are the prime factors of (1/(-1))/((-2)/(-54)*-3)?
3
Suppose d + 3*a - 42 = -3*d, a = 3*d - 25. Let z be -4*(2/(-4) - 0). Suppose -z*y + d = -11. What are the prime factors of y?
2, 5
Let y(j) = -j**2 + 8*j + 2. Let k(u) = 3*u**2 - 23*u - 6. Let w(l) = 6*k(l) + 17*y(l). List the prime factors of w(-3).
13
Let r(w) = w**3 - 11*w**2 + 13. Let m be r(11). What are the prime factors of m - -2*(-1)/(-1)?
3, 5
Suppose -3*o - m + 3*m = -7, -5*o = m + 10. Let w be 18*(-6)/4*o. Suppose 0 = -2*c - c + w. List the prime factors of c.
3
Let c be 2 + (0 - 1) - 7. Let w = -12 - c. Let g(u) = -u**2 - 9*u - 8. List the prime factors of g(w).
2, 5
Let j be -6 + 3*(-3)/(-9). Let u(m) = -2*m - 5. List the prime factors of u(j).
5
List the prime factors of (-3168)/(-51) + 4/(-34).
2, 31
Suppose 4*i - 196 + 56 = 0. List the prime factors of i.
5, 7
Let o(m) = m**3 - 10*m**2 - 11*m - 9. Let s be o(11). List the prime factors of (6/s)/(10/(-135)).
3
Suppose 0 = 3*w + y - 8, -1 = 2*w - 4*y - 11. Let k(v) = v**2 - v - 2. List the prime factors of k(w).
2
Let j(m) = 4*m - 17. List the prime factors of j(14).
3, 13
Let o(p) = -2 - 1 - 2 - 2 - 3*p. Let t be (-3)/(-3)*(-14)/2. List the prime factors of o(t).
2, 7
Suppose -1156 = o - 18*o. What are the prime factors of o?
2, 17
Suppose 13*d = 12*d + 5. What are the prime factors of d?
5
Let x(y) = -8*y + 1. Let g be x(-1). Suppose 2*c = g + 9. What are the prime factors of c?
3
Suppose 0*r = r - 58. List the prime factors of r.
2, 29
Suppose 4*b = b + 6. Suppose -5*l - b*y = -5*y - 74, -5*l + y = -68. List the prime factors of l.
13
Let k = 40 - 6. List the prime factors of k.
2, 17
Suppose -473 = -w + 4*p - 117, p - 1696 = -5*w. List the prime factors of w.
2, 5, 17
Let u be 2/8 - 39/(-4). Suppose 0 = -0*o + 5*o - 5. What are the prime factors of u + o + 2/(-2)?
2, 5
What are the prime factors of -8 - -52 - 4*-1?
2, 3
Suppose 0 = -4*p - 333 + 873. Suppose -2*o + 79 = 3*b, -5*b = o + 4*o - p. List the prime factors of b.
5
Suppose 2*q - 227 = -0*q + 3*b, 0 = -4*q - 4*b + 404. List the prime factors of q.
2, 53
Let i = -340 - -536. Let n = i - 124. What are the prime factors of 2/10 + n/15?
5
Suppose -2*f + 4*m = 3 + 123, -f = -m + 64. Let a be 10/f - (-108)/26. Suppose l + 5*k = -8, l + 2*k - a = -0. What are the prime factors of l?
2, 3
Let w = 288 - 187. List the prime factors of w.
101
Suppose -2*f + 5*j = -38, j - 6*j = -10. Suppose o = -3*o + f. What are the prime factors of o?
2, 3
Let i be (1 + 1)*49/(-14). Let y = -8 - i. Let m = 6 - y. What are the prime factors of m?
7
Suppose 4*v - 20 = -2*o, -6*o + 4*v = -2*o - 28. Let z = o - 6. Let b = 2 + z. What are the prime factors of b?
2
Suppose -3*y + 69 + 21 = 0. List the prime factors of y.
2, 3, 5
Let c be (-4)/(-10) + (-406)/(-35). Suppose 3*v = -i + 10, 3*i = 3*v + 2*v - c. What are the prime factors of v?
3
Let s = 54 + 12. What are the prime factors of s?
2, 3, 11
Let o = -103 + 333. What are the prime factors of o?
2, 5, 23
Suppose 7*h - 4*h + 29 = 2*u, 0 = 4*h + 4. Suppose u = -c + 2*c. List the prime factors of c.
13
Let f be (-31)/(-3) - (-3)/(-9). Suppose 2 = 5*s - 3. Suppose -p + f = -s. List the prime factors of p.
11
Suppose -5*a + 16 = -2*a - 4*p, 0 = 3*a + 3*p - 9. Let l(m) = -m**3 + 4*m**2 - 1. Let i be l(a). What are the prime factors of (-2)/(-1 + i)*15?
3, 5
List the prime factors of (-2 - 7)/3 + -1 + 115.
3, 37
Suppose -3*s - 1 = -4. Suppose 5*p + h = 2*p - s, -4*p + 16 = -3*h. Let d = p - -1. List the prime factors of d.
2
Let p(z) be the first derivative of z**4/4 - 5*z**3/3 - 3*z**2/2 - 8*z - 2. Let h(j) = -2*j - 16. Let o be h(-11). List the prime factors of p(o).
2, 5
Let w(r) = -r**2 + 6*r + 3. Let c = 2 + -3. Let p be (c - -2)*(3 + 0). What are the prime factors of w(p)?
2, 3
Let k(z) = 7*z - 3*z**3 - 2*z**3 + 6*z**2 - 4 + 4*z**3. Let o be k(6). Suppose 34 = 3*w + 4*m, -o = -5*w + w + 2*m. List the prime factors of w.
2, 5
Let k(r) = r**3 + 7*r**2 + 4*r + 1. Let x be k(-6). Suppose 39 + x = 4*c. Suppose 11 = 4*f - c. What are the prime factors of f?
2, 3
Let y be ((-9)/(-6))/((-2)/4). List the prime factors of (y/5)/((-1)/55).
3, 11
Suppose -7*k + 2*k + 65 = 0. Suppose a + 4*g - 10 = 0, 0 = -2*a + 4*a + g - k. What are the prime factors of a?
2, 3
What are the prime factors of (-3)/(-2*6/64)?
2
Let w = 5 + -8. Let l be (1/w)/(6/(-18)). Suppose 5 = 3*p - l. What are the prime factors of p?
2
Let j(p) = -p**2 - 8*p - 1. What are the prime factors of j(-5)?
2, 7
Suppose 0 = -2*l + 2*c + 360, -5*c - 93 - 441 = -3*l. What are the prime factors of l?
3, 61
Suppose -4*o + o - 5*c = -7, 0 = o + 4*c. Let k be (-3)/(-6)*0/(-2). Suppose o*n + n - 55 = k. What are the prime factors of n?
11
Suppose -2*k - 5*u - 21 = 0, -4*k - 4 - 3 = 3*u. Let i be 11/((-9)/5 + k). Suppose 8*n - 3*n = i. What are the prime factors of n?
11
Suppose 6*n - 17 = 2*n + 5*t, -5*t - 2 = n. Suppose i - 13 - 23 = -s, n*s - 143 = -4*i. Suppose 5*l + 5 = i. List the prime factors of l.
2, 3
What are the prime factors of (-25)/(-2)*(-28)/(-14)?
5
Let f(b) = -b**3 + 16*b**2 + 17*b + 10. What are the prime factors of f(17)?
2, 5
What are the prime factors of -83*(-2)/4*2?
83
Suppose 0 = b - 4*b + 3. Let t = -7 - -6. List the prime factors of (t - -1)*b + 9.
3
Let f = -17 + 31. Suppose 0 = i - 25 - f. Suppose 9 = -3*d + i. What are the prime factors of d?
2, 5
Suppose -10 = 3*g + 11. Let k = -5 - g. Suppose 0 = -k*o + 29 + 9. What are the prime factors of o?
19
Suppose 0 = 3*z - 5*s - 74, -2*z = -7*z + 3*s + 118. List the prime factors of z.
23
Let v be (-7 - 3)/(-1 + -1). Suppose -v*a + 0*a - 31 = -2*h, 5*h + 5 = -4*a. Suppose h*j + j - 32 = 0. What are the prime factors of j?
2
Let p(x) = x**2 - 9*x + 9. Suppose 4*q = 9 + 31. What are the prime factors of p(q)?
19
Suppose 0*w + 4*k - 30 = -w, -2*k + 36 = w. Suppose 0 = 2*f + p - 6*p + 8, 5*f = -3*p + w. What are the prime factors of f?
2, 3
Let w = -2 - -4. Suppose -v = -15 - w. List the prime factors of v.
17
Suppose 6*n = -3*m + 3*n + 27, 0 = 3*m - 3*n - 27. Let z be (-6)/m - 160/(-6). Suppose z = -5*h + 71. What are the prime factors of h?
3
Suppose -6*w = -3*w - 234. List the prime factors of w.
2, 3, 13
Suppose -425 - 435 = -4*f. List the prime factors of f.
5, 43
Suppose 258 = p + 5*d, 2*p - d - 3*d = 502. What are the prime factors of p?
11, 23
List the prime factors of (-33 + -1 + 2)/((-3)/6).
2
Let p(y) = 3*y**2 - 1. Let o be p(1). Suppose -o*z + 0 + 12 = 0. What are the prime factors of z?
2, 3
Suppose -3*y - s + 112 = 2*y, 5*y - 2*s - 106 = 0. List the prime factors of y.
2, 11
Let d = -9 + 5. What are the prime factors of (-69)/(-6) + (-2)/d?
2, 3
Suppose 3*p = 6*p - 9. Let m(v) = 2 + 6*v - 6 + 3 - p*v. List the prime factors of m(1).
2
Let i(r) = -r**2 + 8*r - 6. Let d be i(7). Let n(g) = -32*g. Let o be n(d). List the prime factors of o/12*30/(-8).
2, 5
Let b(i) be the second derivative of i**3/6 + 4*i. Suppose -d + 5*d = 20. List the prime factors of b(d).
5
Let u(p) = -2 + 2*p + 4 - 3 - 2. Let g be u(4). Suppose 3*x + 0*z - 42 = g*z, 4*z + 21 = x. What are the prime factors of x?
3
Let v(o) = o**2 + 9*o + 5. Let s be v(-10). Suppose 5 + s = 4*j. List the prime factors of j.
5
Suppose -3*b + 3 = -k, -3 + 4 = -k + b. Suppose 28 = 2*i + 2*z, k = 3*i - z - 23 - 3. List the prime factors of i.
2, 5
Suppose -4*k + 27 = 2*s - 41, 5*k + 5*s = 90. Let q = k - -11. List the prime factors of q.
3
What are the prime factors of 138/(-2)*14/(-6)?
7, 23
Let n(g) = -g**2 + 2*g - 1. Let p be n(2). Let y = p + 2. Let m = 3 - y. List the prime factors of m.
2
Let m(h) = 14*h**3 - h**2 + h. What are the prime factors of m(1)?
2, 7
Suppose -4*g - 4